[INFO] cloning repository https://github.com/theor/dodui
[INFO] running `Command { std: "git" "-c" "credential.helper=" "-c" "credential.helper=/workspace/cargo-home/bin/git-credential-null" "clone" "--bare" "https://github.com/theor/dodui" "/workspace/cache/git-repos/https%3A%2F%2Fgithub.com%2Ftheor%2Fdodui", kill_on_drop: false }`
[INFO] [stderr] Cloning into bare repository '/workspace/cache/git-repos/https%3A%2F%2Fgithub.com%2Ftheor%2Fdodui'...
[INFO] running `Command { std: "git" "rev-parse" "HEAD", kill_on_drop: false }`
[INFO] [stdout] 2b4affc4e162ab7fa28b4b3efc7e118920a32195
[INFO] checking theor/dodui against try#72f88fc4e9458f89516a0b8b0868f3718aec5b47 for pr-74989
[INFO] running `Command { std: "git" "clone" "/workspace/cache/git-repos/https%3A%2F%2Fgithub.com%2Ftheor%2Fdodui" "/workspace/builds/worker-8/source", kill_on_drop: false }`
[INFO] [stderr] Cloning into '/workspace/builds/worker-8/source'...
[INFO] [stderr] done.
[INFO] validating manifest of git repo https://github.com/theor/dodui on toolchain 72f88fc4e9458f89516a0b8b0868f3718aec5b47
[INFO] running `Command { std: "/workspace/cargo-home/bin/cargo" "+72f88fc4e9458f89516a0b8b0868f3718aec5b47" "read-manifest" "--manifest-path" "Cargo.toml", kill_on_drop: false }`
[INFO] removed /workspace/builds/worker-8/source/.cargo/config
[INFO] started tweaking git repo https://github.com/theor/dodui
[INFO] removed path dependency gfx_text from git repo https://github.com/theor/dodui
[INFO] finished tweaking git repo https://github.com/theor/dodui
[INFO] tweaked toml for git repo https://github.com/theor/dodui written to /workspace/builds/worker-8/source/Cargo.toml
[INFO] crate git repo https://github.com/theor/dodui already has a lockfile, it will not be regenerated
[INFO] running `Command { std: "/workspace/cargo-home/bin/cargo" "+72f88fc4e9458f89516a0b8b0868f3718aec5b47" "fetch" "--locked" "--manifest-path" "Cargo.toml", kill_on_drop: false }`
[INFO] [stderr] warning: dependency (gfx_text) specified without providing a local path, Git repository, or version to use. This will be considered an error in future versions
[INFO] [stderr]     Updating crates.io index
[INFO] [stderr] error: the lock file /workspace/builds/worker-8/source/Cargo.lock needs to be updated but --locked was passed to prevent this
[INFO] [stderr] If you want to try to generate the lock file without accessing the network, use the --offline flag.
[INFO] the lockfile is outdated, regenerating it
[INFO] running `Command { std: "/workspace/cargo-home/bin/cargo" "+72f88fc4e9458f89516a0b8b0868f3718aec5b47" "generate-lockfile" "--manifest-path" "Cargo.toml" "-Zno-index-update", kill_on_drop: false }`
[INFO] [stderr]     Blocking waiting for file lock on package cache
[INFO] running `Command { std: "/workspace/cargo-home/bin/cargo" "+72f88fc4e9458f89516a0b8b0868f3718aec5b47" "fetch" "--locked" "--manifest-path" "Cargo.toml", kill_on_drop: false }`
[INFO] [stderr] warning: dependency (gfx_text) specified without providing a local path, Git repository, or version to use. This will be considered an error in future versions
[INFO] [stderr]     Blocking waiting for file lock on package cache
[INFO] [stderr]  Downloading crates ...
[INFO] [stderr]   Downloaded nom v1.2.4
[INFO] [stderr]   Downloaded phf_macros v0.8.0
[INFO] [stderr]   Downloaded gl_generator v0.9.0
[INFO] [stderr]   Downloaded cssparser-macros v0.6.0
[INFO] [stderr]   Downloaded enum_primitive v0.1.1
[INFO] [stderr]   Downloaded semver v0.2.3
[INFO] [stderr]   Downloaded cssparser v0.27.2
[INFO] [stderr]   Downloaded gl_generator v0.14.0
[INFO] [stderr]   Downloaded owning_ref v0.4.1
[INFO] [stderr]   Downloaded string-interner v0.7.1
[INFO] [stderr]   Downloaded freetype-rs v0.26.0
[INFO] [stderr]   Downloaded servo_arc v0.1.1
[INFO] [stderr]   Downloaded precomputed-hash v0.1.1
[INFO] [stderr]   Downloaded rayon-core v1.8.0
[INFO] [stderr]   Downloaded filetime v0.2.12
[INFO] [stderr]   Downloaded inotify-sys v0.1.3
[INFO] [stderr]   Downloaded inotify v0.7.1
[INFO] [stderr]   Downloaded hashbrown v0.1.8
[INFO] [stderr]   Downloaded gl_generator v0.10.0
[INFO] [stderr]   Downloaded gfx_device_gl v0.16.2
[INFO] [stderr]   Downloaded png v0.12.0
[INFO] [stderr]   Downloaded glutin v0.19.0
[INFO] [stderr]   Downloaded procedural-masquerade v0.1.7
[INFO] [stderr]   Downloaded winit v0.18.1
[INFO] [stderr]   Downloaded image v0.20.1
[INFO] [stderr]   Downloaded sdl2 v0.32.2
[INFO] [stderr]   Downloaded rayon v1.4.0
[INFO] [stderr]   Downloaded khronos_api v2.2.0
[INFO] [stderr]   Downloaded jpeg-decoder v0.1.20
[INFO] [stderr]   Downloaded cssparser-macros v0.3.6
[INFO] [stderr]   Downloaded genmesh v0.5.0
[INFO] [stderr]   Downloaded glfw v0.20.0
[INFO] [stderr]   Downloaded mint v0.2.0
[INFO] [stderr]   Downloaded gfx_window_glutin v0.29.0
[INFO] [stderr]   Downloaded gfx_window_sdl v0.9.1
[INFO] [stderr]   Downloaded gfx_device_dx11 v0.8.2
[INFO] [stderr]   Downloaded stretch v0.1.12
[INFO] [stderr]   Downloaded noise v0.2.0
[INFO] [stderr]   Downloaded selectors v0.21.0
[INFO] [stderr]   Downloaded warmy v0.11.3
[INFO] [stderr]   Downloaded gfx_window_dxgi v0.18.0
[INFO] [stderr]   Downloaded gfx_window_glfw v0.17.1
[INFO] [stderr]   Downloaded freetype-sys v0.13.1
[INFO] [stderr]   Downloaded gfx_text v0.27.0
[INFO] [stderr]   Downloaded sdl2-sys v0.32.6
[INFO] [stderr]   Downloaded dtoa-short v0.3.2
[INFO] [stderr]   Downloaded cssparser v0.25.9
[INFO] [stderr]   Downloaded notify v4.0.15
[INFO] [stderr]   Downloaded libloading v0.6.3
[INFO] [stderr]   Downloaded lazycell v1.3.0
[INFO] [stderr]   Downloaded stable_deref_trait v1.2.0
[INFO] [stderr]   Downloaded thin-slice v0.1.1
[INFO] [stderr]   Downloaded specs-hierarchy v0.3.1
[INFO] [stderr]   Downloaded any-cache v0.2.3
[INFO] [stderr]   Downloaded fsevent v0.4.0
[INFO] [stderr]   Downloaded fsevent-sys v2.0.1
[INFO] [stderr]   Downloaded gfx v0.18.2
[INFO] [stderr]   Downloaded gfx_core v0.9.2
[INFO] [stderr]   Downloaded gfx_gl v0.6.1
[INFO] [stderr]   Downloaded xml-rs v0.7.0
[INFO] [stderr]   Downloaded gfx_gl v0.5.0
[INFO] [stderr]   Downloaded gfx_macros v0.2.1
[INFO] [stderr]   Downloaded glfw-sys v3.3.2
[INFO] running `Command { std: "docker" "create" "-v" "/var/lib/crater-agent-workspace/builds/worker-8/target:/opt/rustwide/target:rw,Z" "-v" "/var/lib/crater-agent-workspace/builds/worker-8/source:/opt/rustwide/workdir:ro,Z" "-v" "/var/lib/crater-agent-workspace/cargo-home:/opt/rustwide/cargo-home:ro,Z" "-v" "/var/lib/crater-agent-workspace/rustup-home:/opt/rustwide/rustup-home:ro,Z" "-e" "SOURCE_DIR=/opt/rustwide/workdir" "-e" "CARGO_TARGET_DIR=/opt/rustwide/target" "-e" "CARGO_HOME=/opt/rustwide/cargo-home" "-e" "RUSTUP_HOME=/opt/rustwide/rustup-home" "-w" "/opt/rustwide/workdir" "-m" "1610612736" "--user" "0:0" "--network" "none" "rustops/crates-build-env@sha256:d92eaeed33fa75130ca1ee6c8a01d1ffb62bac859dfdfb3450e3e5d1c0146529" "/opt/rustwide/cargo-home/bin/cargo" "+72f88fc4e9458f89516a0b8b0868f3718aec5b47" "metadata" "--no-deps" "--format-version=1", kill_on_drop: false }`
[INFO] [stdout] 85cd37ba56434e74e1f5835c0ad58e0c72c7f56a27631529b9b4f3dca4caeef8
[INFO] [stderr] WARNING: Your kernel does not support swap limit capabilities or the cgroup is not mounted. Memory limited without swap.
[INFO] running `Command { std: "docker" "start" "-a" "85cd37ba56434e74e1f5835c0ad58e0c72c7f56a27631529b9b4f3dca4caeef8", kill_on_drop: false }`
[INFO] running `Command { std: "docker" "inspect" "85cd37ba56434e74e1f5835c0ad58e0c72c7f56a27631529b9b4f3dca4caeef8", kill_on_drop: false }`
[INFO] running `Command { std: "docker" "rm" "-f" "85cd37ba56434e74e1f5835c0ad58e0c72c7f56a27631529b9b4f3dca4caeef8", kill_on_drop: false }`
[INFO] [stdout] 85cd37ba56434e74e1f5835c0ad58e0c72c7f56a27631529b9b4f3dca4caeef8
[INFO] running `Command { std: "docker" "create" "-v" "/var/lib/crater-agent-workspace/builds/worker-8/target:/opt/rustwide/target:rw,Z" "-v" "/var/lib/crater-agent-workspace/builds/worker-8/source:/opt/rustwide/workdir:ro,Z" "-v" "/var/lib/crater-agent-workspace/cargo-home:/opt/rustwide/cargo-home:ro,Z" "-v" "/var/lib/crater-agent-workspace/rustup-home:/opt/rustwide/rustup-home:ro,Z" "-e" "SOURCE_DIR=/opt/rustwide/workdir" "-e" "CARGO_TARGET_DIR=/opt/rustwide/target" "-e" "CARGO_INCREMENTAL=0" "-e" "RUST_BACKTRACE=full" "-e" "RUSTFLAGS=--cap-lints=forbid" "-e" "CARGO_HOME=/opt/rustwide/cargo-home" "-e" "RUSTUP_HOME=/opt/rustwide/rustup-home" "-w" "/opt/rustwide/workdir" "-m" "1610612736" "--user" "0:0" "--network" "none" "rustops/crates-build-env@sha256:d92eaeed33fa75130ca1ee6c8a01d1ffb62bac859dfdfb3450e3e5d1c0146529" "/opt/rustwide/cargo-home/bin/cargo" "+72f88fc4e9458f89516a0b8b0868f3718aec5b47" "check" "--frozen" "--all" "--all-targets" "--message-format=json", kill_on_drop: false }`
[INFO] [stdout] 1ca1ce3131bfa1897c9acb1337e3e25b54b2a2988af231aecddfaa5d15cf1d0c
[INFO] [stderr] WARNING: Your kernel does not support swap limit capabilities or the cgroup is not mounted. Memory limited without swap.
[INFO] running `Command { std: "docker" "start" "-a" "1ca1ce3131bfa1897c9acb1337e3e25b54b2a2988af231aecddfaa5d15cf1d0c", kill_on_drop: false }`
[INFO] [stderr] warning: dependency (gfx_text) specified without providing a local path, Git repository, or version to use. This will be considered an error in future versions
[INFO] [stderr]     Blocking waiting for file lock on package cache
[INFO] [stderr]    Compiling log v0.4.11
[INFO] [stderr]    Compiling byteorder v1.3.4
[INFO] [stderr]    Compiling unicode-xid v0.1.0
[INFO] [stderr]    Compiling proc-macro2 v1.0.21
[INFO] [stderr]    Compiling xml-rs v0.8.3
[INFO] [stderr]    Compiling unicode-xid v0.2.1
[INFO] [stderr]    Compiling syn v1.0.41
[INFO] [stderr]    Compiling semver-parser v0.7.0
[INFO] [stderr]    Compiling rand_core v0.4.2
[INFO] [stderr]     Checking scopeguard v0.3.3
[INFO] [stderr]     Checking stable_deref_trait v1.2.0
[INFO] [stderr]    Compiling khronos_api v3.1.0
[INFO] [stderr]     Checking nodrop v0.1.14
[INFO] [stderr]    Compiling pkg-config v0.3.18
[INFO] [stderr]     Checking scopeguard v1.1.0
[INFO] [stderr]    Compiling rayon-core v1.8.0
[INFO] [stderr]    Compiling libloading v0.6.3
[INFO] [stderr]    Compiling getrandom v0.1.15
[INFO] [stderr]     Checking void v1.0.2
[INFO] [stderr]    Compiling siphasher v0.2.3
[INFO] [stderr]     Checking either v1.6.0
[INFO] [stderr]     Checking memoffset v0.2.1
[INFO] [stderr]     Checking downcast-rs v1.2.0
[INFO] [stderr]    Compiling ppv-lite86 v0.2.9
[INFO] [stderr]    Compiling serde_derive v1.0.116
[INFO] [stderr]     Checking crossbeam-utils v0.5.0
[INFO] [stderr]    Compiling khronos_api v2.2.0
[INFO] [stderr]    Compiling cc v1.0.59
[INFO] [stderr]     Checking itoa v0.4.6
[INFO] [stderr]    Compiling serde v1.0.116
[INFO] [stderr]    Compiling siphasher v0.3.3
[INFO] [stderr]    Compiling memchr v2.3.3
[INFO] [stderr]     Checking dtoa v0.4.6
[INFO] [stderr]    Compiling ryu v1.0.5
[INFO] [stderr]     Checking atom v0.3.5
[INFO] [stderr]     Checking slab v0.4.2
[INFO] [stderr]     Checking adler32 v1.2.0
[INFO] [stderr]    Compiling nonzero_signed v1.0.3
[INFO] [stderr]     Checking lzw v0.10.0
[INFO] [stderr]    Compiling unicode-xid v0.0.4
[INFO] [stderr]     Checking mopa v0.2.2
[INFO] [stderr]    Compiling proc-macro-hack v0.5.18
[INFO] [stderr]     Checking lazycell v1.3.0
[INFO] [stderr]     Checking matches v0.1.8
[INFO] [stderr]    Compiling procedural-masquerade v0.1.7
[INFO] [stderr]     Checking percent-encoding v1.0.1
[INFO] [stderr]     Checking approx v0.1.1
[INFO] [stderr]     Checking fnv v1.0.7
[INFO] [stderr]     Checking adler v0.2.3
[INFO] [stderr]    Compiling quote v0.3.15
[INFO] [stderr]     Checking regex-syntax v0.6.18
[INFO] [stderr]     Checking gimli v0.22.0
[INFO] [stderr]     Checking tuple_utils v0.2.0
[INFO] [stderr]     Checking color_quant v1.0.1
[INFO] [stderr]    Compiling cgmath v0.16.1
[INFO] [stderr]     Checking quick-error v1.2.3
[INFO] [stderr]     Checking scoped_threadpool v0.1.9
[INFO] [stderr]     Checking object v0.20.0
[INFO] [stderr]     Checking termcolor v1.1.0
[INFO] [stderr]     Checking mint v0.2.0
[INFO] [stderr]     Checking precomputed-hash v0.1.1
[INFO] [stderr]     Checking smallvec v1.4.2
[INFO] [stderr]     Checking any-cache v0.2.3
[INFO] [stderr]     Checking thin-slice v0.1.1
[INFO] [stderr]    Compiling crossbeam-utils v0.7.2
[INFO] [stderr]    Compiling memoffset v0.5.5
[INFO] [stderr]    Compiling crossbeam-epoch v0.8.2
[INFO] [stderr]    Compiling rayon v1.4.0
[INFO] [stderr]     Checking crossbeam-utils v0.6.6
[INFO] [stderr]    Compiling num-rational v0.2.4
[INFO] [stderr]    Compiling miniz_oxide v0.4.2
[INFO] [stderr]     Checking thread_local v1.0.1
[INFO] [stderr]     Checking owning_ref v0.4.1
[INFO] [stderr]     Checking servo_arc v0.1.1
[INFO] [stderr]    Compiling semver v0.9.0
[INFO] [stderr]    Compiling rand_core v0.3.1
[INFO] [stderr]    Compiling rand_jitter v0.1.4
[INFO] [stderr]    Compiling phf_shared v0.7.24
[INFO] [stderr]    Compiling phf_shared v0.8.0
[INFO] [stderr]     Checking dtoa-short v0.3.2
[INFO] [stderr]     Checking inflate v0.4.5
[INFO] [stderr]    Compiling synom v0.11.3
[INFO] [stderr]    Compiling cmake v0.1.44
[INFO] [stderr]    Compiling x11-dl v2.18.5
[INFO] [stderr]     Checking humantime v1.3.0
[INFO] [stderr]    Compiling libc v0.2.77
[INFO] [stderr]    Compiling bitflags v1.2.1
[INFO] [stderr]     Checking gif v0.10.3
[INFO] [stderr]    Compiling proc-macro2 v0.4.30
[INFO] [stderr]     Checking arrayvec v0.4.12
[INFO] [stderr]    Compiling rand_xorshift v0.1.1
[INFO] [stderr]    Compiling rand_hc v0.1.0
[INFO] [stderr]    Compiling rand_isaac v0.1.1
[INFO] [stderr]     Checking lock_api v0.1.5
[INFO] [stderr]    Compiling rustc_version v0.2.3
[INFO] [stderr]     Checking num_cpus v1.13.0
[INFO] [stderr]     Checking rand_os v0.1.3
[INFO] [stderr]     Checking rand v0.5.6
[INFO] [stderr]     Checking net2 v0.2.35
[INFO] [stderr]     Checking iovec v0.1.4
[INFO] [stderr]     Checking memmap v0.7.0
[INFO] [stderr]     Checking inotify-sys v0.1.3
[INFO] [stderr]     Checking shared_library v0.1.9
[INFO] [stderr]     Checking filetime v0.2.12
[INFO] [stderr]     Checking atty v0.2.14
[INFO] [stderr]     Checking nix v0.14.1
[INFO] [stderr]     Checking draw_state v0.8.0
[INFO] [stderr]     Checking phf v0.7.24
[INFO] [stderr]    Compiling syn v0.11.11
[INFO] [stderr]    Compiling rand_pcg v0.1.2
[INFO] [stderr]    Compiling rand_chacha v0.1.1
[INFO] [stderr]    Compiling xml-rs v0.7.0
[INFO] [stderr]     Checking crossbeam-epoch v0.6.1
[INFO] [stderr]     Checking crossbeam-epoch v0.5.2
[INFO] [stderr]    Compiling gl_generator v0.14.0
[INFO] [stderr]    Compiling gl_generator v0.10.0
[INFO] [stderr]     Checking stretch v0.1.12
[INFO] [stderr]     Checking dlib v0.4.2
[INFO] [stderr]    Compiling freetype-sys v0.13.1
[INFO] [stderr]    Compiling quote v0.6.13
[INFO] [stderr]     Checking stb_truetype v0.3.1
[INFO] [stderr]     Checking fxhash v0.2.1
[INFO] [stderr]     Checking deflate v0.7.20
[INFO] [stderr]     Checking hashbrown v0.1.8
[INFO] [stderr]     Checking aho-corasick v0.7.13
[INFO] [stderr]     Checking inotify v0.7.1
[INFO] [stderr]     Checking ordered-float v1.1.0
[INFO] [stderr]     Checking approx v0.3.2
[INFO] [stderr]     Checking line_drawing v0.7.0
[INFO] [stderr]     Checking num-traits v0.1.43
[INFO] [stderr]    Compiling quote v1.0.7
[INFO] [stderr]     Checking osmesa-sys v0.1.2
[INFO] [stderr]     Checking rand v0.6.5
[INFO] [stderr]     Checking mio v0.6.22
[INFO] [stderr]    Compiling parking_lot_core v0.3.1
[INFO] [stderr]    Compiling parking_lot_core v0.4.0
[INFO] [stderr]     Checking gfx_core v0.9.2
[INFO] [stderr]     Checking wayland-sys v0.21.13
[INFO] [stderr]     Checking crossbeam-channel v0.4.4
[INFO] [stderr]     Checking crossbeam-deque v0.5.2
[INFO] [stderr]    Compiling rand_core v0.5.1
[INFO] [stderr]    Compiling wayland-scanner v0.21.13
[INFO] [stderr]    Compiling syn v0.15.44
[INFO] [stderr]    Compiling gl_generator v0.9.0
[INFO] [stderr]     Checking addr2line v0.13.0
[INFO] [stderr]     Checking cgmath v0.14.1
[INFO] [stderr]     Checking rusttype v0.8.3
[INFO] [stderr]     Checking crossbeam-deque v0.7.3
[INFO] [stderr]    Compiling rand_chacha v0.2.2
[INFO] [stderr]    Compiling rand_pcg v0.2.1
[INFO] [stderr]     Checking regex v1.3.9
[INFO] [stderr]     Checking png v0.12.0
[INFO] [stderr]    Compiling glutin v0.19.0
[INFO] [stderr]    Compiling gfx_gl v0.6.1
[INFO] [stderr]     Checking mio-extras v2.0.6
[INFO] [stderr]     Checking backtrace v0.3.50
[INFO] [stderr]     Checking rusttype v0.7.9
[INFO] [stderr]    Compiling rand v0.7.3
[INFO] [stderr]    Compiling gfx_macros v0.2.1
[INFO] [stderr]    Compiling phf_generator v0.7.24
[INFO] [stderr]     Checking freetype-rs v0.26.0
[INFO] [stderr]     Checking notify v4.0.15
[INFO] [stderr]     Checking parking_lot v0.6.4
[INFO] [stderr]     Checking noise v0.2.0
[INFO] [stderr]    Compiling gfx_gl v0.5.0
[INFO] [stderr]     Checking env_logger v0.5.13
[INFO] [stderr]     Checking wayland-commons v0.21.13
[INFO] [stderr]     Checking andrew v0.2.1
[INFO] [stderr]    Compiling phf_codegen v0.7.24
[INFO] [stderr]     Checking parking_lot v0.7.1
[INFO] [stderr]     Checking crossbeam-channel v0.2.6
[INFO] [stderr]     Checking gfx v0.18.2
[INFO] [stderr]    Compiling selectors v0.21.0
[INFO] [stderr]    Compiling wayland-client v0.21.13
[INFO] [stderr]    Compiling wayland-protocols v0.21.13
[INFO] [stderr]     Checking genmesh v0.5.0
[INFO] [stderr]     Checking crossbeam v0.4.1
[INFO] [stderr]    Compiling phf_generator v0.8.0
[INFO] [stderr]     Checking gfx_text v0.27.0
[INFO] [stderr]    Compiling num-derive v0.2.5
[INFO] [stderr]    Compiling derivative v1.0.4
[INFO] [stderr]    Compiling shred-derive v0.5.1
[INFO] [stderr]     Checking hibitset v0.5.4
[INFO] [stderr]     Checking shred v0.7.2
[INFO] [stderr]     Checking jpeg-decoder v0.1.20
[INFO] [stderr]     Checking hibitset v0.6.3
[INFO] [stderr]     Checking gfx_device_gl v0.16.2
[INFO] [stderr]     Checking tiff v0.2.2
[INFO] [stderr]     Checking image v0.20.1
[INFO] [stderr]     Checking specs v0.14.3
[INFO] [stderr]     Checking specs-hierarchy v0.3.1
[INFO] [stderr]    Compiling cssparser v0.25.9
[INFO] [stderr]    Compiling cssparser v0.27.2
[INFO] [stderr]    Compiling phf_macros v0.8.0
[INFO] [stderr]    Compiling cssparser-macros v0.3.6
[INFO] [stderr]    Compiling cssparser-macros v0.6.0
[INFO] [stderr]     Checking smithay-client-toolkit v0.4.6
[INFO] [stderr]     Checking winit v0.18.1
[INFO] [stderr]     Checking phf v0.8.0
[INFO] [stderr]     Checking gfx_window_glutin v0.29.0
[INFO] [stderr]     Checking serde_json v1.0.57
[INFO] [stderr]     Checking string-interner v0.7.1
[INFO] [stderr]     Checking warmy v0.11.3
[INFO] [stderr]     Checking peg v0.1.0 (/opt/rustwide/workdir)
[INFO] [stdout] error[E0433]: failed to resolve: use of undeclared type or module `gfx_device_dx11`
[INFO] [stdout]    --> src/gfx_app.rs:444:45
[INFO] [stdout]     |
[INFO] [stdout] 444 |         Self: Application<DefaultResources, gfx_device_dx11::Factory>,
[INFO] [stdout]     |                                             ^^^^^^^^^^^^^^^ use of undeclared type or module `gfx_device_dx11`
[INFO] [stdout] 
[INFO] [stdout] 
[INFO] [stdout] error[E0433]: failed to resolve: use of undeclared type or module `gfx_device_dx11`
[INFO] [stdout]    --> src/gfx_app.rs:447:48
[INFO] [stdout]     |
[INFO] [stdout] 447 |         <Self as Application<DefaultResources, gfx_device_dx11::Factory>>::launch_default(wb)
[INFO] [stdout]     |                                                ^^^^^^^^^^^^^^^ use of undeclared type or module `gfx_device_dx11`
[INFO] [stdout] 
[INFO] [stdout] 
[INFO] [stdout] error[E0433]: failed to resolve: use of undeclared type or module `gfx_device_dx11`
[INFO] [stdout]    --> src/gfx_app.rs:444:45
[INFO] [stdout]     |
[INFO] [stdout] 444 |         Self: Application<DefaultResources, gfx_device_dx11::Factory>,
[INFO] [stdout]     |                                             ^^^^^^^^^^^^^^^ use of undeclared type or module `gfx_device_dx11`
[INFO] [stdout] 
[INFO] [stdout] 
[INFO] [stdout] error[E0433]: failed to resolve: use of undeclared type or module `gfx_device_dx11`
[INFO] [stdout]    --> src/gfx_app.rs:447:48
[INFO] [stdout]     |
[INFO] [stdout] 447 |         <Self as Application<DefaultResources, gfx_device_dx11::Factory>>::launch_default(wb)
[INFO] [stdout]     |                                                ^^^^^^^^^^^^^^^ use of undeclared type or module `gfx_device_dx11`
[INFO] [stdout] 
[INFO] [stdout] 
[INFO] [stdout] error[E0603]: struct `BitmapFont` is private
[INFO] [stdout]   --> src/layout/measure_system.rs:12:37
[INFO] [stdout]    |
[INFO] [stdout] 12 | pub struct BitmapFont(pub gfx_text::BitmapFont);
[INFO] [stdout]    |                                     ^^^^^^^^^^ private struct
[INFO] [stdout]    |
[INFO] [stdout] note: the struct `BitmapFont` is defined here
[INFO] [stdout]   --> /opt/rustwide/cargo-home/registry/src/github.com-1ecc6299db9ec823/gfx_text-0.27.0/src/lib.rs:43:5
[INFO] [stdout]    |
[INFO] [stdout] 43 | use font::BitmapFont;
[INFO] [stdout]    |     ^^^^^^^^^^^^^^^^
[INFO] [stdout] 
[INFO] [stdout] 
[INFO] [stdout] error[E0603]: struct `BitmapFont` is private
[INFO] [stdout]   --> src/layout/measure_system.rs:51:40
[INFO] [stdout]    |
[INFO] [stdout] 51 |                 let bitmap = gfx_text::BitmapFont::from_path(path.to_str().unwrap(), 16, None)
[INFO] [stdout]    |                                        ^^^^^^^^^^ private struct
[INFO] [stdout]    |
[INFO] [stdout] note: the struct `BitmapFont` is defined here
[INFO] [stdout]   --> /opt/rustwide/cargo-home/registry/src/github.com-1ecc6299db9ec823/gfx_text-0.27.0/src/lib.rs:43:5
[INFO] [stdout]    |
[INFO] [stdout] 43 | use font::BitmapFont;
[INFO] [stdout]    |     ^^^^^^^^^^^^^^^^
[INFO] [stdout] 
[INFO] [stdout] 
[INFO] [stdout] error[E0603]: struct `BitmapFont` is private
[INFO] [stdout]   --> src/layout/measure_system.rs:12:37
[INFO] [stdout]    |
[INFO] [stdout] 12 | pub struct BitmapFont(pub gfx_text::BitmapFont);
[INFO] [stdout]    |                                     ^^^^^^^^^^ private struct
[INFO] [stdout]    |
[INFO] [stdout] note: the struct `BitmapFont` is defined here
[INFO] [stdout]   --> /opt/rustwide/cargo-home/registry/src/github.com-1ecc6299db9ec823/gfx_text-0.27.0/src/lib.rs:43:5
[INFO] [stdout]    |
[INFO] [stdout] 43 | use font::BitmapFont;
[INFO] [stdout]    |     ^^^^^^^^^^^^^^^^
[INFO] [stdout] 
[INFO] [stdout] 
[INFO] [stdout] error[E0603]: struct `BitmapFont` is private
[INFO] [stdout]   --> src/layout/measure_system.rs:51:40
[INFO] [stdout]    |
[INFO] [stdout] 51 |                 let bitmap = gfx_text::BitmapFont::from_path(path.to_str().unwrap(), 16, None)
[INFO] [stdout]    |                                        ^^^^^^^^^^ private struct
[INFO] [stdout]    |
[INFO] [stdout] note: the struct `BitmapFont` is defined here
[INFO] [stdout]   --> /opt/rustwide/cargo-home/registry/src/github.com-1ecc6299db9ec823/gfx_text-0.27.0/src/lib.rs:43:5
[INFO] [stdout]    |
[INFO] [stdout] 43 | use font::BitmapFont;
[INFO] [stdout]    |     ^^^^^^^^^^^^^^^^
[INFO] [stdout] 
[INFO] [stdout] 
[INFO] [stdout] warning: unnecessary parentheses around block return value
[INFO] [stdout]    --> src/transform/transform_system.rs:122:25
[INFO] [stdout]     |
[INFO] [stdout] 122 |                         (parent_global.0 * local.matrix())
[INFO] [stdout]     |                         ^^^^^^^^^^^^^^^^^^^^^^^^^^^^^^^^^^ help: remove these parentheses
[INFO] [stdout]     |
[INFO] [stdout]     = note: `#[warn(unused_parens)]` on by default
[INFO] [stdout] 
[INFO] [stdout] 
[INFO] [stdout] warning: the item `SystemData` is imported redundantly
[INFO] [stdout]    --> src/transform/transform_system.rs:137:13
[INFO] [stdout]     |
[INFO] [stdout] 2   | use specs::prelude::*;
[INFO] [stdout]     |     ----------------- the item `SystemData` is already imported here
[INFO] [stdout] ...
[INFO] [stdout] 137 |         use specs::prelude::SystemData;
[INFO] [stdout]     |             ^^^^^^^^^^^^^^^^^^^^^^^^^^
[INFO] [stdout]     |
[INFO] [stdout]     = note: `#[warn(unused_imports)]` on by default
[INFO] [stdout] 
[INFO] [stdout] 
[INFO] [stdout] warning: unnecessary parentheses around block return value
[INFO] [stdout]    --> src/transform/transform_system.rs:122:25
[INFO] [stdout]     |
[INFO] [stdout] 122 |                         (parent_global.0 * local.matrix())
[INFO] [stdout]     |                         ^^^^^^^^^^^^^^^^^^^^^^^^^^^^^^^^^^ help: remove these parentheses
[INFO] [stdout]     |
[INFO] [stdout]     = note: `#[warn(unused_parens)]` on by default
[INFO] [stdout] 
[INFO] [stdout] 
[INFO] [stdout] warning: the item `SystemData` is imported redundantly
[INFO] [stdout]    --> src/transform/transform_system.rs:137:13
[INFO] [stdout]     |
[INFO] [stdout] 2   | use specs::prelude::*;
[INFO] [stdout]     |     ----------------- the item `SystemData` is already imported here
[INFO] [stdout] ...
[INFO] [stdout] 137 |         use specs::prelude::SystemData;
[INFO] [stdout]     |             ^^^^^^^^^^^^^^^^^^^^^^^^^^
[INFO] [stdout]     |
[INFO] [stdout]     = note: `#[warn(unused_imports)]` on by default
[INFO] [stdout] 
[INFO] [stdout] 
[INFO] [stdout] warning: the item `ParJoin` is imported redundantly
[INFO] [stdout]    --> src/style_system.rs:523:13
[INFO] [stdout]     |
[INFO] [stdout] 5   | use specs::prelude::*;
[INFO] [stdout]     |     ----------------- the item `ParJoin` is already imported here
[INFO] [stdout] ...
[INFO] [stdout] 523 |         use specs::ParJoin;
[INFO] [stdout]     |             ^^^^^^^^^^^^^^
[INFO] [stdout] 
[INFO] [stdout] 
[INFO] [stdout] warning: the item `ParJoin` is imported redundantly
[INFO] [stdout]    --> src/style_system.rs:523:13
[INFO] [stdout]     |
[INFO] [stdout] 5   | use specs::prelude::*;
[INFO] [stdout]     |     ----------------- the item `ParJoin` is already imported here
[INFO] [stdout] ...
[INFO] [stdout] 523 |         use specs::ParJoin;
[INFO] [stdout]     |             ^^^^^^^^^^^^^^
[INFO] [stdout] 
[INFO] [stdout] 
[INFO] [stdout] error[E0107]: wrong number of type arguments: expected 2, found 1
[INFO] [stdout]    --> src/gfx_app.rs:456:15
[INFO] [stdout]     |
[INFO] [stdout] 456 |         Self: Application<DefaultResources>,
[INFO] [stdout]     |               ^^^^^^^^^^^^^^^^^^^^^^^^^^^^^ expected 2 type arguments
[INFO] [stdout] 
[INFO] [stdout] 
[INFO] [stdout] error: aborting due to 5 previous errors; 3 warnings emitted
[INFO] [stdout] 
[INFO] [stdout] 
[INFO] [stdout] Some errors have detailed explanations: E0107, E0433, E0603.
[INFO] [stdout] 
[INFO] [stdout] For more information about an error, try `rustc --explain E0107`.
[INFO] [stdout] 
[INFO] [stdout] error[E0107]: wrong number of type arguments: expected 2, found 1
[INFO] [stdout]    --> src/gfx_app.rs:456:15
[INFO] [stdout]     |
[INFO] [stdout] 456 |         Self: Application<DefaultResources>,
[INFO] [stdout]     |               ^^^^^^^^^^^^^^^^^^^^^^^^^^^^^ expected 2 type arguments
[INFO] [stdout] 
[INFO] [stdout] 
[INFO] [stderr] error: could not compile `peg`.
[INFO] [stdout] error: aborting due to 5 previous errors; 3 warnings emitted
[INFO] [stdout] 
[INFO] [stdout] 
[INFO] [stderr] 
[INFO] [stdout] Some errors have detailed explanations: E0107, E0433, E0603.
[INFO] [stdout] 
[INFO] [stderr] To learn more, run the command again with --verbose.
[INFO] [stdout] For more information about an error, try `rustc --explain E0107`.
[INFO] [stdout] 
[INFO] [stderr] warning: build failed, waiting for other jobs to finish...
[INFO] [stderr] error: build failed
[INFO] running `Command { std: "docker" "inspect" "1ca1ce3131bfa1897c9acb1337e3e25b54b2a2988af231aecddfaa5d15cf1d0c", kill_on_drop: false }`
[INFO] running `Command { std: "docker" "rm" "-f" "1ca1ce3131bfa1897c9acb1337e3e25b54b2a2988af231aecddfaa5d15cf1d0c", kill_on_drop: false }`
[INFO] [stdout] 1ca1ce3131bfa1897c9acb1337e3e25b54b2a2988af231aecddfaa5d15cf1d0c
